and 48?
12
What is the greatest common divisor of 672 and 144?
48
What is the highest common factor of 208 and 884?
52
What is the highest common divisor of 1098 and 18?
18
Calculate the highest common factor of 294 and 168.
42
What is the greatest common divisor of 2368 and 64?
64
Calculate the highest common divisor of 88 and 6424.
88
What is the highest common factor of 126 and 1848?
42
Calculate the highest common factor of 675 and 3.
3
What is the highest common factor of 376 and 329?
47
What is the greatest common factor of 360 and 195?
15
Calculate the highest common factor of 2709 and 63.
63
Calculate the highest common divisor of 18 and 22.
2
Calculate the greatest common factor of 3104 and 16.
16
What is the highest common divisor of 941 and 3?
1
Calculate the highest common factor of 1662 and 4709.
277
Calculate the greatest common factor of 51 and 272.
17
Calculate the greatest common divisor of 2 and 340.
2
What is the highest common factor of 279 and 124?
31
What is the highest common divisor of 17525 and 5?
5
What is the highest common factor of 78 and 1690?
26
What is the greatest common divisor of 238 and 28?
14
What is the greatest common factor of 275 and 61325?
275
Calculate the greatest common factor of 1685 and 135.
5
What is the greatest common factor of 42 and 189?
21
Calculate the highest common divisor of 18 and 747.
9
Calculate the highest common factor of 343 and 245.
49
What is the highest common divisor of 154 and 22?
22
Calculate the greatest common divisor of 7830 and 20.
10
What is the greatest common factor of 135 and 495?
45
What is the greatest common factor of 1530 and 85?
85
What is the greatest common divisor of 4375 and 21?
7
Calculate the greatest common factor of 21 and 252.
21
What is the greatest common divisor of 2832 and 24?
24
What is the highest common divisor of 32 and 16?
16
Calculate the greatest common factor of 801 and 2225.
89
Calculate the highest common factor of 343 and 16513.
49
Calculate the highest common divisor of 2214 and 18.
18
Calculate the greatest common divisor of 403 and 65.
13
What is the greatest common divisor of 9752 and 184?
184
Calculate the greatest common factor of 62 and 1984.
62
Calculate the greatest common divisor of 126 and 4887.
9
What is the highest common divisor of 5 and 160?
5
What is the highest common factor of 38 and 1653?
19
What is the highest common factor of 421 and 3?
1
What is the highest common factor of 336 and 2576?
112
What is the highest common divisor of 184 and 2254?
46
What is the greatest common divisor of 8 and 424?
8
What is the greatest common factor of 16 and 6632?
8
What is the highest common factor of 146 and 38398?
146
What is the highest common divisor of 25 and 76?
1
Calculate the greatest common factor of 185 and 9139.
37
Calculate the greatest common factor of 470 and 5546.
94
What is the highest common factor of 227 and 116224?
227
What is the greatest common factor of 682 and 44?
22
What is the greatest common divisor of 3245 and 55?
55
Calculate the greatest common divisor of 22 and 132.
22
What is the greatest common factor of 2920 and 6935?
365
What is the greatest common divisor of 1776 and 72?
24
Calculate the greatest common divisor of 4521 and 9.
3
What is the greatest common divisor of 28 and 35?
7
What is the highest common factor of 170 and 2720?
170
What is the greatest common divisor of 43 and 3?
1
What is the greatest common factor of 88 and 792?
88
Calculate the highest common factor of 442 and 68.
34
What is the highest common divisor of 12 and 9?
3
Calculate the greatest common factor of 19760 and 240.
80
Calculate the highest common divisor of 138 and 9062.
46
What is the greatest common factor of 24 and 408?
24
Calculate the greatest common divisor of 394 and 30141.
197
What is the greatest common factor of 102 and 42381?
51
Calculate the greatest common divisor of 5358 and 228.
114
Calculate the highest common divisor of 10 and 15.
5
Calculate the greatest common divisor of 7 and 175.
7
Calculate the highest common factor of 825 and 33.
33
Calculate the greatest common factor of 234 and 18.
18
What is the highest common divisor of 55 and 781?
11
What is the highest common divisor of 505 and 24543?
101
Calculate the greatest common divisor of 31 and 837.
31
Calculate the greatest common divisor of 7447 and 11.
11
What is the highest common divisor of 1261 and 97?
97
What is the greatest common factor of 28 and 8?
4
Calculate the greatest common divisor of 770 and 1045.
55
What is the greatest common divisor of 31176 and 9?
9
Calculate the greatest common divisor of 576 and 216.
72
What is the greatest common factor of 18410 and 263?
263
What is the highest common divisor of 565 and 904?
113
What is the greatest common divisor of 1017 and 9?
9
What is the greatest common divisor of 265 and 2014?
53
Calculate the highest common factor of 38 and 3838.
38
Calculate the highest common factor of 98 and 41503.
49
Calculate the highest common divisor of 472 and 16.
8
What is the greatest common factor of 288 and 27?
9
Calculate the highest common factor of 159 and 53.
53
Calculate the highest common factor of 1548 and 12.
12
Calculate the highest common factor of 8 and 28.
4
Calculate the highest common factor of 6720 and 16.
16
Calculate the greatest common divisor of 3 and 753.
3
Calculate the highest common factor of 50 and 325.
25
What is the greatest common divisor of 234 and 18?
18
Calculate the greatest common factor of 1284 and 12.
12
What is the highest common divisor of 119 and 14?
7
Calculate the greatest common divisor of 31671 and 153.
153
Calculate the greatest common factor of 49 and 7.
7
Calculate the highest common factor of 12 and 3264.
12
What is the greatest common factor of 5 and 145?
5
What is the highest common factor of 20 and 12620?
20
What is the highest common factor of 755 and 2416?
151
What is the greatest common factor of 82 and 9881?
41
Calculate the highest common factor of 24 and 88.
8
What is the greatest common factor of 35 and 105?
35
What is the highest common factor of 329 and 7?
7
Calculate the highest common factor of 18 and 27.
9
Calculate the greatest common factor of 68 and 476.
68
What is the highest common factor of 9 and 6543?
9
What is the greatest common divisor of 288 and 132?
12
What is the greatest common divisor of 79 and 27966?
79
Calculate the highest common factor of 225 and 25.
25
What is the greatest common factor of 98 and 7?
7
Calculate the highest common factor of 72 and 27.
9
Calculate the highest common divisor of 645 and 15.
15
What is the greatest common factor of 50 and 595?
5
What is the highest common divisor of 70 and 4396?
14
What is the highest common divisor of 16991 and 13?
13
What is the highest common factor of 29 and 5?
1
Calculate the greatest common factor of 50 and 430.
10
Calculate the greatest common divisor of 377 and 203.
29
What is the highest common factor of 138 and 18?
6
Calculate the greatest common divisor of 24 and 660.
12
What is the highest common factor of 329 and 47?
47
Calculate the highest common divisor of 13826 and 62.
62
Calculate the greatest common divisor of 5955 and 15.
15
What is the highest common factor of 30 and 15790?
10
Calculate the greatest common divisor of 15994 and 66.
22
What is the greatest common factor of 1116 and 1426?
62
What is the highest common factor of 123 and 1107?
123
What is the highest common divisor of 45 and 20?
5
What is the greatest common factor of 60754 and 74?
74
Calculate the highest common divisor of 78 and 36.
6
What is the highest common divisor of 18 and 171?
9
Calculate the greatest common factor of 14 and 245.
7
What is the highest common divisor of 95 and 38?
19
Calculate the greatest common divisor of 51 and 51.
51
Calculate the greatest common factor of 40 and 5080.
40
What is the highest common divisor of 1302 and 248?
62
Calculate the greatest common factor of 213 and 111.
3
Calculate the greatest common factor of 29 and 377.
29
Calculate the greatest common factor of 22 and 946.
22
Calculate the greatest common factor of 1156 and 20.
4
Calculate the greatest common divisor of 2277 and 33.
33
What is the highest common factor of 405 and 180?
45
Calculate the highest co